{"id":8,"date":"2015-09-22T14:06:37","date_gmt":"2015-09-22T13:06:37","guid":{"rendered":"http:\/\/gaelcorna.oxy-tania.com\/?page_id=2"},"modified":"2015-09-22T14:06:37","modified_gmt":"2015-09-22T13:06:37","slug":"a-propos","status":"publish","type":"page","link":"https:\/\/www.lagencebleu.com\/gaelcorna\/a-propos","title":{"rendered":"A propos"},"content":{"rendered":"<p><img loading=\"lazy\" decoding=\"async\" class=\"size-full wp-image-28 alignleft\" src=\"http:\/\/gaelcorna.oxy-tania.com\/wp-content\/uploads\/sites\/5\/2015\/09\/profil2.png\" alt=\"profil2\" width=\"181\" height=\"181\" \/>Le web ? Je suis tomb\u00e9 dedans quand j&rsquo;\u00e9tais petit ! J&rsquo;ai connu l&rsquo;arriv\u00e9 des micro ordinateurs avec les zx81 et Amstrad CPC. J&rsquo;ai pass\u00e9 mes nuits \u00e0 construire des programmes en BASIC et en assembleur et j&rsquo;ai continu\u00e9. Internet est maintenant mon gagne-pain et ma passion et comme je suis passionn\u00e9, j&rsquo;ai d\u00e9cid\u00e9 de cr\u00e9er ce blog pour partager toutes ces choses.<\/p>\n","protected":false},"excerpt":{"rendered":"<p>Le web ? Je suis tomb\u00e9 dedans quand j&rsquo;\u00e9tais petit ! J&rsquo;ai connu l&rsquo;arriv\u00e9 des micro ordinateurs avec les zx81 et Amstrad CPC. J&rsquo;ai pass\u00e9 mes nuits \u00e0 construire des programmes en BASIC et en assembleur et j&rsquo;ai continu\u00e9. Internet est maintenant mon gagne-pain et ma passion et comme je suis passionn\u00e9, j&rsquo;ai d\u00e9cid\u00e9 de [&hellip;]<\/p>\n","protected":false},"author":5,"featured_media":0,"parent":0,"menu_order":0,"comment_status":"closed","ping_status":"open","template":"","meta":{"inline_featured_image":false,"footnotes":""},"class_list":["post-8","page","type-page","status-publish","hentry"],"yoast_head":"<!-- This site is optimized with the Yoast SEO plugin v26.3 - https:\/\/yoast.com\/wordpress\/plugins\/seo\/ -->\n<title>A propos - Ga\u00ebl Corna<\/title>\n<meta name=\"robots\" content=\"index, follow, max-snippet:-1, max-image-preview:large, max-video-preview:-1\" \/>\n<link rel=\"canonical\" href=\"https:\/\/www.lagencebleu.com\/gaelcorna\/a-propos\" \/>\n<meta property=\"og:locale\" content=\"fr_FR\" \/>\n<meta property=\"og:type\" content=\"article\" \/>\n<meta property=\"og:title\" content=\"A propos - Ga\u00ebl Corna\" \/>\n<meta property=\"og:description\" content=\"Le web ? Je suis tomb\u00e9 dedans quand j&rsquo;\u00e9tais petit ! J&rsquo;ai connu l&rsquo;arriv\u00e9 des micro ordinateurs avec les zx81 et Amstrad CPC. J&rsquo;ai pass\u00e9 mes nuits \u00e0 construire des programmes en BASIC et en assembleur et j&rsquo;ai continu\u00e9. Internet est maintenant mon gagne-pain et ma passion et comme je suis passionn\u00e9, j&rsquo;ai d\u00e9cid\u00e9 de [&hellip;]\" \/>\n<meta property=\"og:url\" content=\"https:\/\/www.lagencebleu.com\/gaelcorna\/a-propos\" \/>\n<meta property=\"og:site_name\" content=\"Ga\u00ebl Corna\" \/>\n<meta property=\"og:image\" content=\"http:\/\/gaelcorna.oxy-tania.com\/wp-content\/uploads\/sites\/5\/2015\/09\/profil2.png\" \/>\n<meta name=\"twitter:card\" content=\"summary_large_image\" \/>\n<script type=\"application\/ld+json\" class=\"yoast-schema-graph\">{\"@context\":\"https:\/\/schema.org\",\"@graph\":[{\"@type\":\"WebPage\",\"@id\":\"https:\/\/www.lagencebleu.com\/gaelcorna\/a-propos\",\"url\":\"https:\/\/www.lagencebleu.com\/gaelcorna\/a-propos\",\"name\":\"A propos - Ga\u00ebl Corna\",\"isPartOf\":{\"@id\":\"http:\/\/www.gaelcorna.eu\/#website\"},\"primaryImageOfPage\":{\"@id\":\"https:\/\/www.lagencebleu.com\/gaelcorna\/a-propos#primaryimage\"},\"image\":{\"@id\":\"https:\/\/www.lagencebleu.com\/gaelcorna\/a-propos#primaryimage\"},\"thumbnailUrl\":\"http:\/\/gaelcorna.oxy-tania.com\/wp-content\/uploads\/sites\/5\/2015\/09\/profil2.png\",\"datePublished\":\"2015-09-22T13:06:37+00:00\",\"breadcrumb\":{\"@id\":\"https:\/\/www.lagencebleu.com\/gaelcorna\/a-propos#breadcrumb\"},\"inLanguage\":\"fr-FR\",\"potentialAction\":[{\"@type\":\"ReadAction\",\"target\":[\"https:\/\/www.lagencebleu.com\/gaelcorna\/a-propos\"]}]},{\"@type\":\"ImageObject\",\"inLanguage\":\"fr-FR\",\"@id\":\"https:\/\/www.lagencebleu.com\/gaelcorna\/a-propos#primaryimage\",\"url\":\"http:\/\/gaelcorna.oxy-tania.com\/wp-content\/uploads\/sites\/5\/2015\/09\/profil2.png\",\"contentUrl\":\"http:\/\/gaelcorna.oxy-tania.com\/wp-content\/uploads\/sites\/5\/2015\/09\/profil2.png\"},{\"@type\":\"BreadcrumbList\",\"@id\":\"https:\/\/www.lagencebleu.com\/gaelcorna\/a-propos#breadcrumb\",\"itemListElement\":[{\"@type\":\"ListItem\",\"position\":1,\"name\":\"Accueil\",\"item\":\"http:\/\/www.gaelcorna.eu\/\"},{\"@type\":\"ListItem\",\"position\":2,\"name\":\"A propos\"}]},{\"@type\":\"WebSite\",\"@id\":\"http:\/\/www.gaelcorna.eu\/#website\",\"url\":\"http:\/\/www.gaelcorna.eu\/\",\"name\":\"Ga\u00ebl Corna\",\"description\":\"D\u00e9veloppeur WEB. Aussi\",\"potentialAction\":[{\"@type\":\"SearchAction\",\"target\":{\"@type\":\"EntryPoint\",\"urlTemplate\":\"http:\/\/www.gaelcorna.eu\/?s={search_term_string}\"},\"query-input\":{\"@type\":\"PropertyValueSpecification\",\"valueRequired\":true,\"valueName\":\"search_term_string\"}}],\"inLanguage\":\"fr-FR\"}]}<\/script>\n<!-- \/ Yoast SEO plugin. -->","yoast_head_json":{"title":"A propos - Ga\u00ebl Corna","robots":{"index":"index","follow":"follow","max-snippet":"max-snippet:-1","max-image-preview":"max-image-preview:large","max-video-preview":"max-video-preview:-1"},"canonical":"https:\/\/www.lagencebleu.com\/gaelcorna\/a-propos","og_locale":"fr_FR","og_type":"article","og_title":"A propos - Ga\u00ebl Corna","og_description":"Le web ? Je suis tomb\u00e9 dedans quand j&rsquo;\u00e9tais petit ! J&rsquo;ai connu l&rsquo;arriv\u00e9 des micro ordinateurs avec les zx81 et Amstrad CPC. J&rsquo;ai pass\u00e9 mes nuits \u00e0 construire des programmes en BASIC et en assembleur et j&rsquo;ai continu\u00e9. Internet est maintenant mon gagne-pain et ma passion et comme je suis passionn\u00e9, j&rsquo;ai d\u00e9cid\u00e9 de [&hellip;]","og_url":"https:\/\/www.lagencebleu.com\/gaelcorna\/a-propos","og_site_name":"Ga\u00ebl Corna","og_image":[{"url":"http:\/\/gaelcorna.oxy-tania.com\/wp-content\/uploads\/sites\/5\/2015\/09\/profil2.png","type":"","width":"","height":""}],"twitter_card":"summary_large_image","schema":{"@context":"https:\/\/schema.org","@graph":[{"@type":"WebPage","@id":"https:\/\/www.lagencebleu.com\/gaelcorna\/a-propos","url":"https:\/\/www.lagencebleu.com\/gaelcorna\/a-propos","name":"A propos - Ga\u00ebl Corna","isPartOf":{"@id":"http:\/\/www.gaelcorna.eu\/#website"},"primaryImageOfPage":{"@id":"https:\/\/www.lagencebleu.com\/gaelcorna\/a-propos#primaryimage"},"image":{"@id":"https:\/\/www.lagencebleu.com\/gaelcorna\/a-propos#primaryimage"},"thumbnailUrl":"http:\/\/gaelcorna.oxy-tania.com\/wp-content\/uploads\/sites\/5\/2015\/09\/profil2.png","datePublished":"2015-09-22T13:06:37+00:00","breadcrumb":{"@id":"https:\/\/www.lagencebleu.com\/gaelcorna\/a-propos#breadcrumb"},"inLanguage":"fr-FR","potentialAction":[{"@type":"ReadAction","target":["https:\/\/www.lagencebleu.com\/gaelcorna\/a-propos"]}]},{"@type":"ImageObject","inLanguage":"fr-FR","@id":"https:\/\/www.lagencebleu.com\/gaelcorna\/a-propos#primaryimage","url":"http:\/\/gaelcorna.oxy-tania.com\/wp-content\/uploads\/sites\/5\/2015\/09\/profil2.png","contentUrl":"http:\/\/gaelcorna.oxy-tania.com\/wp-content\/uploads\/sites\/5\/2015\/09\/profil2.png"},{"@type":"BreadcrumbList","@id":"https:\/\/www.lagencebleu.com\/gaelcorna\/a-propos#breadcrumb","itemListElement":[{"@type":"ListItem","position":1,"name":"Accueil","item":"http:\/\/www.gaelcorna.eu\/"},{"@type":"ListItem","position":2,"name":"A propos"}]},{"@type":"WebSite","@id":"http:\/\/www.gaelcorna.eu\/#website","url":"http:\/\/www.gaelcorna.eu\/","name":"Ga\u00ebl Corna","description":"D\u00e9veloppeur WEB. Aussi","potentialAction":[{"@type":"SearchAction","target":{"@type":"EntryPoint","urlTemplate":"http:\/\/www.gaelcorna.eu\/?s={search_term_string}"},"query-input":{"@type":"PropertyValueSpecification","valueRequired":true,"valueName":"search_term_string"}}],"inLanguage":"fr-FR"}]}},"_links":{"self":[{"href":"https:\/\/www.lagencebleu.com\/gaelcorna\/wp-json\/wp\/v2\/pages\/8","targetHints":{"allow":["GET"]}}],"collection":[{"href":"https:\/\/www.lagencebleu.com\/gaelcorna\/wp-json\/wp\/v2\/pages"}],"about":[{"href":"https:\/\/www.lagencebleu.com\/gaelcorna\/wp-json\/wp\/v2\/types\/page"}],"author":[{"embeddable":true,"href":"https:\/\/www.lagencebleu.com\/gaelcorna\/wp-json\/wp\/v2\/users\/5"}],"replies":[{"embeddable":true,"href":"https:\/\/www.lagencebleu.com\/gaelcorna\/wp-json\/wp\/v2\/comments?post=8"}],"version-history":[{"count":0,"href":"https:\/\/www.lagencebleu.com\/gaelcorna\/wp-json\/wp\/v2\/pages\/8\/revisions"}],"wp:attachment":[{"href":"https:\/\/www.lagencebleu.com\/gaelcorna\/wp-json\/wp\/v2\/media?parent=8"}],"curies":[{"name":"wp","href":"https:\/\/api.w.org\/{rel}","templated":true}]}}